{"id":192,"date":"2018-07-02T22:13:00","date_gmt":"2018-07-02T21:13:00","guid":{"rendered":"http:\/\/neuropsychologue-nevers.fr\/?page_id=192"},"modified":"2020-12-20T10:05:47","modified_gmt":"2020-12-20T09:05:47","slug":"prevention-et-formations","status":"publish","type":"page","link":"https:\/\/neuropsychologue-nevers.fr\/index.php\/prevention-et-formations\/","title":{"rendered":"Pr\u00e9vention &#038; Formation"},"content":{"rendered":"<p>Pierre Leclef &#8211; Neuropsychologue<\/p>\n<p>J&rsquo;interviens r\u00e9guli\u00e8rement aupr\u00e8s de diff\u00e9rents acteurs pour des actions de formation et de pr\u00e9vention ou des temps d&rsquo;information.<\/p>\n<p>J&rsquo;ai ainsi r\u00e9guli\u00e8rement assur\u00e9 des actions de formation aupr\u00e8s des professionnels de l&rsquo;Education Nationale dans la Ni\u00e8vre (RASED, IUFM\/ESPE, inspection acad\u00e9mique, coll\u00e8ges,&#8230;). J&rsquo;ai \u00e9galement assur\u00e9 des actions de formation aupr\u00e8s de professionnels de sant\u00e9 dans d&rsquo;autres d\u00e9partements de France (<a href=\"https:\/\/coridys.fr\/\">Coridys<\/a>, Pacei,&#8230;).<\/p>\n<p>Parall\u00e8lement, plusieurs centres sociaux de la Ni\u00e8vre (Clamecy, Gu\u00e9rigny, Magny-cours,&#8230;) m&rsquo;ont \u00e9galement sollicit\u00e9 pour intervenir sur les probl\u00e9matiques des \u00e9crans ou des troubles des apprentissages, c&rsquo;\u00e9taient des moments particuli\u00e8rement riches !<\/p>\n<p>En fonction des besoins, je peux proposer des interventions dans le champ de la neuropsychologie, des apprentissages et du handicap. Ces actions peuvent concerner le grand public (conf\u00e9rences-d\u00e9bat, interventions en grand groupe), dont l&rsquo;objectif sera principalement la d\u00e9couverte du domaine des troubles des apprentissages et de la cognition. Un des objectifs qui me tient \u00e0 c\u0153ur dans ce type de travail est la <strong>pr\u00e9vention et l&rsquo;int\u00e9gration dans la soci\u00e9t\u00e9 d&rsquo;une meilleure connaissance du fonctionnement cognitif de l&rsquo;enfant<\/strong>. <strong>Le r\u00f4le des \u00e9crans dans la vie quotidienne<\/strong> est \u00e9galement un sujet sur lequel je peux \u00eatre sollicit\u00e9.<\/p>\n<p>Je propose \u00e9galement de construire des informations plus cibl\u00e9es, davantage aupr\u00e8s des professionnels scolaires ou de sant\u00e9. Dans cette perspective, les abords th\u00e9oriques et relatifs \u00e0 la prise en charge, l&rsquo;adaptation de l&rsquo;environnement seront davantage cibl\u00e9s. Je propose notamment des interventions relatives \u00e0 la d\u00e9couverte et la mise en pratique de la<strong> guidance parentale dans les troubles des apprentissages.<\/strong><\/p>\n<p>Les domaines principalement sollicit\u00e9s concernent les troubles commun\u00e9ment appel\u00e9s \u00ab\u00a0Dys\u00a0\u00bb, le TDAH, l&rsquo;adaptation scolaire et parentale dans le cadre des troubles des apprentissages. En fonction des demandes, les sujets peuvent \u00eatre adapt\u00e9s\/pr\u00e9cis\u00e9s.<\/p>\n<p>Vous souhaitez d\u00e9velopper des actions de pr\u00e9vention autour des \u00e9crans ? Informer\/former vos salari\u00e9s aux troubles cognitifs chez l&rsquo;enfant (\u00e9coles, centres sociaux,&#8230;) ? Organiser des interventions davantage orient\u00e9es vers le grand public ? <a href=\"https:\/\/neuropsychologue-nevers.fr\/index.php\/prise-de-contact\/\">N&rsquo;h\u00e9sitez pas \u00e0 prendre contact<\/a>.<\/p>\n","protected":false},"excerpt":{"rendered":"<p>Pierre Leclef &#8211; Neuropsychologue J&rsquo;interviens r\u00e9guli\u00e8rement aupr\u00e8s de diff\u00e9rents acteurs pour des actions de formation et de pr\u00e9vention ou des temps d&rsquo;information. J&rsquo;ai ainsi r\u00e9guli\u00e8rement assur\u00e9 des actions de formation aupr\u00e8s des professionnels de l&rsquo;Education Nationale dans la Ni\u00e8vre (RASED,<\/p>\n","protected":false},"author":3,"featured_media":0,"parent":0,"menu_order":0,"comment_status":"closed","ping_status":"closed","template":"","meta":{"footnotes":""},"class_list":["post-192","page","type-page","status-publish","hentry"],"yoast_head":"<!-- This site is optimized with the Yoast SEO plugin v20.4 - https:\/\/yoast.com\/wordpress\/plugins\/seo\/ -->\n<title>Pr\u00e9vention &amp; Formation - Pierre Leclef - Ana\u00efs Descat - Pauline Fontaine<\/title>\n<meta name=\"description\" content=\"Actions de pr\u00e9vention &amp; formation dans les troubles cognitifs de l&#039;enfance et de l&#039;adolescence. Grand publics &amp; professionnels.\" \/>\n<meta name=\"robots\" content=\"index, follow, max-snippet:-1, max-image-preview:large, max-video-preview:-1\" \/>\n<link rel=\"canonical\" href=\"https:\/\/neuropsychologue-nevers.fr\/index.php\/prevention-et-formations\/\" \/>\n<meta property=\"og:locale\" content=\"fr_FR\" \/>\n<meta property=\"og:type\" content=\"article\" \/>\n<meta property=\"og:title\" content=\"Pr\u00e9vention &amp; Formation - Pierre Leclef - Ana\u00efs Descat - Pauline Fontaine\" \/>\n<meta property=\"og:description\" content=\"Actions de pr\u00e9vention &amp; formation dans les troubles cognitifs de l&#039;enfance et de l&#039;adolescence. Grand publics &amp; professionnels.\" \/>\n<meta property=\"og:url\" content=\"https:\/\/neuropsychologue-nevers.fr\/index.php\/prevention-et-formations\/\" \/>\n<meta property=\"og:site_name\" content=\"Pierre Leclef - Ana\u00efs Descat - Pauline Fontaine\" \/>\n<meta property=\"article:modified_time\" content=\"2020-12-20T09:05:47+00:00\" \/>\n<meta name=\"twitter:card\" content=\"summary_large_image\" \/>\n<meta name=\"twitter:label1\" content=\"Dur\u00e9e de lecture estim\u00e9e\" \/>\n\t<meta name=\"twitter:data1\" content=\"2 minutes\" \/>\n<script type=\"application\/ld+json\" class=\"yoast-schema-graph\">{\"@context\":\"https:\/\/schema.org\",\"@graph\":[{\"@type\":\"WebPage\",\"@id\":\"https:\/\/neuropsychologue-nevers.fr\/index.php\/prevention-et-formations\/\",\"url\":\"https:\/\/neuropsychologue-nevers.fr\/index.php\/prevention-et-formations\/\",\"name\":\"Pr\u00e9vention & Formation - Pierre Leclef - Ana\u00efs Descat - Pauline Fontaine\",\"isPartOf\":{\"@id\":\"https:\/\/neuropsychologue-nevers.fr\/#website\"},\"datePublished\":\"2018-07-02T21:13:00+00:00\",\"dateModified\":\"2020-12-20T09:05:47+00:00\",\"description\":\"Actions de pr\u00e9vention & formation dans les troubles cognitifs de l'enfance et de l'adolescence. Grand publics & professionnels.\",\"breadcrumb\":{\"@id\":\"https:\/\/neuropsychologue-nevers.fr\/index.php\/prevention-et-formations\/#breadcrumb\"},\"inLanguage\":\"fr-FR\",\"potentialAction\":[{\"@type\":\"ReadAction\",\"target\":[\"https:\/\/neuropsychologue-nevers.fr\/index.php\/prevention-et-formations\/\"]}]},{\"@type\":\"BreadcrumbList\",\"@id\":\"https:\/\/neuropsychologue-nevers.fr\/index.php\/prevention-et-formations\/#breadcrumb\",\"itemListElement\":[{\"@type\":\"ListItem\",\"position\":1,\"name\":\"Accueil\",\"item\":\"https:\/\/neuropsychologue-nevers.fr\/\"},{\"@type\":\"ListItem\",\"position\":2,\"name\":\"Pr\u00e9vention &#038; Formation\"}]},{\"@type\":\"WebSite\",\"@id\":\"https:\/\/neuropsychologue-nevers.fr\/#website\",\"url\":\"https:\/\/neuropsychologue-nevers.fr\/\",\"name\":\"Pierre Leclef - Ana\u00efs Descat - Pauline Fontaine\",\"description\":\"Cabinet de Neuropsychologie - Nevers\",\"potentialAction\":[{\"@type\":\"SearchAction\",\"target\":{\"@type\":\"EntryPoint\",\"urlTemplate\":\"https:\/\/neuropsychologue-nevers.fr\/?s={search_term_string}\"},\"query-input\":\"required name=search_term_string\"}],\"inLanguage\":\"fr-FR\"}]}<\/script>\n<!-- \/ Yoast SEO plugin. -->","yoast_head_json":{"title":"Pr\u00e9vention & Formation - Pierre Leclef - Ana\u00efs Descat - Pauline Fontaine","description":"Actions de pr\u00e9vention & formation dans les troubles cognitifs de l'enfance et de l'adolescence. Grand publics & professionnels.","robots":{"index":"index","follow":"follow","max-snippet":"max-snippet:-1","max-image-preview":"max-image-preview:large","max-video-preview":"max-video-preview:-1"},"canonical":"https:\/\/neuropsychologue-nevers.fr\/index.php\/prevention-et-formations\/","og_locale":"fr_FR","og_type":"article","og_title":"Pr\u00e9vention & Formation - Pierre Leclef - Ana\u00efs Descat - Pauline Fontaine","og_description":"Actions de pr\u00e9vention & formation dans les troubles cognitifs de l'enfance et de l'adolescence. Grand publics & professionnels.","og_url":"https:\/\/neuropsychologue-nevers.fr\/index.php\/prevention-et-formations\/","og_site_name":"Pierre Leclef - Ana\u00efs Descat - Pauline Fontaine","article_modified_time":"2020-12-20T09:05:47+00:00","twitter_card":"summary_large_image","twitter_misc":{"Dur\u00e9e de lecture estim\u00e9e":"2 minutes"},"schema":{"@context":"https:\/\/schema.org","@graph":[{"@type":"WebPage","@id":"https:\/\/neuropsychologue-nevers.fr\/index.php\/prevention-et-formations\/","url":"https:\/\/neuropsychologue-nevers.fr\/index.php\/prevention-et-formations\/","name":"Pr\u00e9vention & Formation - Pierre Leclef - Ana\u00efs Descat - Pauline Fontaine","isPartOf":{"@id":"https:\/\/neuropsychologue-nevers.fr\/#website"},"datePublished":"2018-07-02T21:13:00+00:00","dateModified":"2020-12-20T09:05:47+00:00","description":"Actions de pr\u00e9vention & formation dans les troubles cognitifs de l'enfance et de l'adolescence. Grand publics & professionnels.","breadcrumb":{"@id":"https:\/\/neuropsychologue-nevers.fr\/index.php\/prevention-et-formations\/#breadcrumb"},"inLanguage":"fr-FR","potentialAction":[{"@type":"ReadAction","target":["https:\/\/neuropsychologue-nevers.fr\/index.php\/prevention-et-formations\/"]}]},{"@type":"BreadcrumbList","@id":"https:\/\/neuropsychologue-nevers.fr\/index.php\/prevention-et-formations\/#breadcrumb","itemListElement":[{"@type":"ListItem","position":1,"name":"Accueil","item":"https:\/\/neuropsychologue-nevers.fr\/"},{"@type":"ListItem","position":2,"name":"Pr\u00e9vention &#038; Formation"}]},{"@type":"WebSite","@id":"https:\/\/neuropsychologue-nevers.fr\/#website","url":"https:\/\/neuropsychologue-nevers.fr\/","name":"Pierre Leclef - Ana\u00efs Descat - Pauline Fontaine","description":"Cabinet de Neuropsychologie - Nevers","potentialAction":[{"@type":"SearchAction","target":{"@type":"EntryPoint","urlTemplate":"https:\/\/neuropsychologue-nevers.fr\/?s={search_term_string}"},"query-input":"required name=search_term_string"}],"inLanguage":"fr-FR"}]}},"_links":{"self":[{"href":"https:\/\/neuropsychologue-nevers.fr\/index.php\/wp-json\/wp\/v2\/pages\/192","targetHints":{"allow":["GET"]}}],"collection":[{"href":"https:\/\/neuropsychologue-nevers.fr\/index.php\/wp-json\/wp\/v2\/pages"}],"about":[{"href":"https:\/\/neuropsychologue-nevers.fr\/index.php\/wp-json\/wp\/v2\/types\/page"}],"author":[{"embeddable":true,"href":"https:\/\/neuropsychologue-nevers.fr\/index.php\/wp-json\/wp\/v2\/users\/3"}],"replies":[{"embeddable":true,"href":"https:\/\/neuropsychologue-nevers.fr\/index.php\/wp-json\/wp\/v2\/comments?post=192"}],"version-history":[{"count":5,"href":"https:\/\/neuropsychologue-nevers.fr\/index.php\/wp-json\/wp\/v2\/pages\/192\/revisions"}],"predecessor-version":[{"id":269,"href":"https:\/\/neuropsychologue-nevers.fr\/index.php\/wp-json\/wp\/v2\/pages\/192\/revisions\/269"}],"wp:attachment":[{"href":"https:\/\/neuropsychologue-nevers.fr\/index.php\/wp-json\/wp\/v2\/media?parent=192"}],"curies":[{"name":"wp","href":"https:\/\/api.w.org\/{rel}","templated":true}]}}