{"id":42,"date":"2016-10-05T18:05:54","date_gmt":"2016-10-05T17:05:54","guid":{"rendered":"http:\/\/neuropsychologue-nevers.fr\/?page_id=42"},"modified":"2018-07-02T21:27:57","modified_gmt":"2018-07-02T20:27:57","slug":"memoire-de-travail","status":"publish","type":"page","link":"https:\/\/neuropsychologue-nevers.fr\/index.php\/troubles-cognitifs\/memoire-de-travail\/","title":{"rendered":"M\u00e9moire de travail"},"content":{"rendered":"<h5>La m\u00e9moire de travail : qu&rsquo;est-ce que c&rsquo;est ?<\/h5>\n<p><img loading=\"lazy\" decoding=\"async\" class=\"aligncenter wp-image-52 size-medium\" src=\"https:\/\/neuropsychologue-nevers.fr\/wp-content\/uploads\/2016\/10\/mdt-300x263.png\" alt=\"m\u00e9moire de travail\" width=\"300\" height=\"263\" srcset=\"https:\/\/neuropsychologue-nevers.fr\/wp-content\/uploads\/2016\/10\/mdt-300x263.png 300w, https:\/\/neuropsychologue-nevers.fr\/wp-content\/uploads\/2016\/10\/mdt.png 521w\" sizes=\"auto, (max-width: 300px) 100vw, 300px\" \/><\/p>\n<p><strong>La m\u00e9moire de travail est un \u00e9l\u00e9ment essentiel de nos processus mentaux utilis\u00e9s dans les apprentissages<\/strong>. On pourrait la d\u00e9finir comme l&rsquo;architecte de l&rsquo;apprentissage conscient. En effet, elle assume des fonctions essentielles aux activit\u00e9s scolaires. Chez les adultes, elle est aussi\u00a0essentielle dans la vie quotidienne et professionnelle. <strong>Ses principaux r\u00f4les sont les suivants :\u00a0<\/strong><\/p>\n<ul>\n<li>Aide \u00e0 la focalisation sur les \u00e9l\u00e9ments importants\u00a0pour ce que nous sommes en train de faire.<\/li>\n<li>Aide \u00e0 la gestion de plusieurs choses en m\u00eame temps.<\/li>\n<li>Compr\u00e9hension en lecture.<\/li>\n<li>Fabrication de nouveaux souvenirs complexes incluant de nombreuses informations.\u00a0Exemple\u00a0: apprentissage de le\u00e7ons.<\/li>\n<li>R\u00e9cup\u00e9ration ult\u00e9rieure de ces souvenirs en fonction de ce que nous sommes en train de faire.<\/li>\n<\/ul>\n<h5>D\u00e9pister les troubles ?<\/h5>\n<p>Les r\u00f4les de la m\u00e9moire de travail sont si nombreux et si importants qu&rsquo;on retrouve des outils pour l&rsquo;\u00e9valuer dans de nombreuses batteries intellectuelles. Ainsi, il est ais\u00e9ment possible pour un psychologue de d\u00e9pister un trouble \u00e0 ce niveau sans pour autant r\u00e9aliser un <a href=\"https:\/\/neuropsychologue-nevers.fr\/index.php\/le-bilan-neuropsychologique\/\">bilan neuropsychologique<\/a> complet. La passation d&rsquo;un WISC (version 4 ou 5) permettra par exemple de d\u00e9tecter cela. Une \u00e9valuation intellectuelle standard est donc d\u00e9j\u00e0 suffisante. Une \u00e9valuation neuropsychologique compl\u00e8te permettra toutefois d&rsquo;\u00e9valuer l&rsquo;importance du trouble en lien avec les autres capacit\u00e9s cognitives de l&rsquo;enfant.<\/p>\n<h5>En cas de probl\u00e8me en m\u00e9moire de travail :<\/h5>\n<p><strong>Dans les troubles des apprentissages, qu&rsquo;il s&rsquo;agisse de la dyslexie\/dysorthographie, des troubles attentionnels ou du contr\u00f4le du comportement, la m\u00e9moire de travail appara\u00eet souvent d\u00e9ficitaire.\u00a0<\/strong><\/p>\n<p>Compte-tenu des r\u00f4les tr\u00e8s importants de la m\u00e9moire de travail, <strong>un trouble \u00e0 ce niveau peut majorer fortement les difficult\u00e9s li\u00e9es \u00e0 un autre trouble des apprentissages<\/strong>. Un trouble en m\u00e9moire de travail entra\u00eenera tr\u00e8s souvent :<\/p>\n<ul>\n<li>Une distractibilit\u00e9 accrue.<\/li>\n<li>Des difficult\u00e9s \u00e0 apprendre rapidement et de mani\u00e8re durable de nouvelles le\u00e7ons.<\/li>\n<li>La perte du but que l&rsquo;on venait de se fixer (aller chercher tel objet puis le donner \u00e0 quelqu&rsquo;un d&rsquo;autre, faire telle action dans une autre pi\u00e8ce, etc).<\/li>\n<li>Un d\u00e9faut important au niveau de la compr\u00e9hension en lecture, malgr\u00e9 une lecture a priori sans probl\u00e8me (fluide, sans erreurs dans les sons et les lettres).<\/li>\n<\/ul>\n<h5>Comment aider en cas de probl\u00e8me\u00a0?<\/h5>\n<p>Compte-tenu de son importance dans les apprentissages, un d\u00e9ficit de la m\u00e9moire de travail n\u00e9cessitera de mani\u00e8re quasi-syst\u00e9matique une aide. Celle-ci pourra selon la situation prendre la forme d&rsquo;un suivi individuel ou de groupe. Mais une aide sur le plan neuropsychologique devra \u00eatre accompagn\u00e9e d&rsquo;adaptation des consignes et de la charge de travail dans les temps de classe. Les situations de double t\u00e2che en particulier devront \u00eatre surveill\u00e9es.<\/p>\n<p>Vous pouvez t\u00e9l\u00e9charger une br\u00e8ve brochure sur la m\u00e9moire de travail, ses effets en cas de difficult\u00e9s et les quelques pistes \u00e0 suivre pour soulager le quotidien scolaire et au domicile :\u00a0<a href=\"https:\/\/neuropsychologue-nevers.fr\/wp-content\/uploads\/2018\/07\/Brochure-m\u00e9moire-de-travail-P.-LECLEF.pdf\">Brochure m\u00e9moire de travail P. LECLEF<\/a><\/p>\n","protected":false},"excerpt":{"rendered":"<p>La m\u00e9moire de travail : qu&rsquo;est-ce que c&rsquo;est ? La m\u00e9moire de travail est un \u00e9l\u00e9ment essentiel de nos processus mentaux utilis\u00e9s dans les apprentissages. On pourrait la d\u00e9finir comme l&rsquo;architecte de l&rsquo;apprentissage conscient. En effet, elle assume des fonctions<\/p>\n","protected":false},"author":3,"featured_media":0,"parent":38,"menu_order":0,"comment_status":"closed","ping_status":"closed","template":"","meta":{"footnotes":""},"class_list":["post-42","page","type-page","status-publish","hentry"],"yoast_head":"<!-- This site is optimized with the Yoast SEO plugin v20.4 - https:\/\/yoast.com\/wordpress\/plugins\/seo\/ -->\n<title>M\u00e9moire de travail - Pierre Leclef - Ana\u00efs Descat - Pauline Fontaine<\/title>\n<meta name=\"description\" content=\"La m\u00e9moire de travail est essentielle dans les apprentissages. Elle pose probl\u00e8me dans la dyslexie, dysorthographie, le TDAH. Mieux conna\u00eetre ce trouble.\" \/>\n<meta name=\"robots\" content=\"index, follow, max-snippet:-1, max-image-preview:large, max-video-preview:-1\" \/>\n<link rel=\"canonical\" href=\"https:\/\/neuropsychologue-nevers.fr\/index.php\/troubles-cognitifs\/memoire-de-travail\/\" \/>\n<meta property=\"og:locale\" content=\"fr_FR\" \/>\n<meta property=\"og:type\" content=\"article\" \/>\n<meta property=\"og:title\" content=\"M\u00e9moire de travail - Pierre Leclef - Ana\u00efs Descat - Pauline Fontaine\" \/>\n<meta property=\"og:description\" content=\"La m\u00e9moire de travail est essentielle dans les apprentissages. Elle pose probl\u00e8me dans la dyslexie, dysorthographie, le TDAH. Mieux conna\u00eetre ce trouble.\" \/>\n<meta property=\"og:url\" content=\"https:\/\/neuropsychologue-nevers.fr\/index.php\/troubles-cognitifs\/memoire-de-travail\/\" \/>\n<meta property=\"og:site_name\" content=\"Pierre Leclef - Ana\u00efs Descat - Pauline Fontaine\" \/>\n<meta property=\"article:modified_time\" content=\"2018-07-02T20:27:57+00:00\" \/>\n<meta property=\"og:image\" content=\"http:\/\/neuropsychologue-nevers.fr\/wp-content\/uploads\/2016\/10\/mdt-300x263.png\" \/>\n<meta name=\"twitter:card\" content=\"summary_large_image\" \/>\n<meta name=\"twitter:label1\" content=\"Dur\u00e9e de lecture estim\u00e9e\" \/>\n\t<meta name=\"twitter:data1\" content=\"3 minutes\" \/>\n<script type=\"application\/ld+json\" class=\"yoast-schema-graph\">{\"@context\":\"https:\/\/schema.org\",\"@graph\":[{\"@type\":\"WebPage\",\"@id\":\"https:\/\/neuropsychologue-nevers.fr\/index.php\/troubles-cognitifs\/memoire-de-travail\/\",\"url\":\"https:\/\/neuropsychologue-nevers.fr\/index.php\/troubles-cognitifs\/memoire-de-travail\/\",\"name\":\"M\u00e9moire de travail - Pierre Leclef - Ana\u00efs Descat - Pauline Fontaine\",\"isPartOf\":{\"@id\":\"https:\/\/neuropsychologue-nevers.fr\/#website\"},\"datePublished\":\"2016-10-05T17:05:54+00:00\",\"dateModified\":\"2018-07-02T20:27:57+00:00\",\"description\":\"La m\u00e9moire de travail est essentielle dans les apprentissages. Elle pose probl\u00e8me dans la dyslexie, dysorthographie, le TDAH. Mieux conna\u00eetre ce trouble.\",\"breadcrumb\":{\"@id\":\"https:\/\/neuropsychologue-nevers.fr\/index.php\/troubles-cognitifs\/memoire-de-travail\/#breadcrumb\"},\"inLanguage\":\"fr-FR\",\"potentialAction\":[{\"@type\":\"ReadAction\",\"target\":[\"https:\/\/neuropsychologue-nevers.fr\/index.php\/troubles-cognitifs\/memoire-de-travail\/\"]}]},{\"@type\":\"BreadcrumbList\",\"@id\":\"https:\/\/neuropsychologue-nevers.fr\/index.php\/troubles-cognitifs\/memoire-de-travail\/#breadcrumb\",\"itemListElement\":[{\"@type\":\"ListItem\",\"position\":1,\"name\":\"Accueil\",\"item\":\"https:\/\/neuropsychologue-nevers.fr\/\"},{\"@type\":\"ListItem\",\"position\":2,\"name\":\"Troubles des Apprentissages\",\"item\":\"https:\/\/neuropsychologue-nevers.fr\/index.php\/troubles-cognitifs\/\"},{\"@type\":\"ListItem\",\"position\":3,\"name\":\"M\u00e9moire de travail\"}]},{\"@type\":\"WebSite\",\"@id\":\"https:\/\/neuropsychologue-nevers.fr\/#website\",\"url\":\"https:\/\/neuropsychologue-nevers.fr\/\",\"name\":\"Pierre Leclef - Ana\u00efs Descat - Pauline Fontaine\",\"description\":\"Cabinet de Neuropsychologie - Nevers\",\"potentialAction\":[{\"@type\":\"SearchAction\",\"target\":{\"@type\":\"EntryPoint\",\"urlTemplate\":\"https:\/\/neuropsychologue-nevers.fr\/?s={search_term_string}\"},\"query-input\":\"required name=search_term_string\"}],\"inLanguage\":\"fr-FR\"}]}<\/script>\n<!-- \/ Yoast SEO plugin. -->","yoast_head_json":{"title":"M\u00e9moire de travail - Pierre Leclef - Ana\u00efs Descat - Pauline Fontaine","description":"La m\u00e9moire de travail est essentielle dans les apprentissages. Elle pose probl\u00e8me dans la dyslexie, dysorthographie, le TDAH. Mieux conna\u00eetre ce trouble.","robots":{"index":"index","follow":"follow","max-snippet":"max-snippet:-1","max-image-preview":"max-image-preview:large","max-video-preview":"max-video-preview:-1"},"canonical":"https:\/\/neuropsychologue-nevers.fr\/index.php\/troubles-cognitifs\/memoire-de-travail\/","og_locale":"fr_FR","og_type":"article","og_title":"M\u00e9moire de travail - Pierre Leclef - Ana\u00efs Descat - Pauline Fontaine","og_description":"La m\u00e9moire de travail est essentielle dans les apprentissages. Elle pose probl\u00e8me dans la dyslexie, dysorthographie, le TDAH. Mieux conna\u00eetre ce trouble.","og_url":"https:\/\/neuropsychologue-nevers.fr\/index.php\/troubles-cognitifs\/memoire-de-travail\/","og_site_name":"Pierre Leclef - Ana\u00efs Descat - Pauline Fontaine","article_modified_time":"2018-07-02T20:27:57+00:00","og_image":[{"url":"http:\/\/neuropsychologue-nevers.fr\/wp-content\/uploads\/2016\/10\/mdt-300x263.png"}],"twitter_card":"summary_large_image","twitter_misc":{"Dur\u00e9e de lecture estim\u00e9e":"3 minutes"},"schema":{"@context":"https:\/\/schema.org","@graph":[{"@type":"WebPage","@id":"https:\/\/neuropsychologue-nevers.fr\/index.php\/troubles-cognitifs\/memoire-de-travail\/","url":"https:\/\/neuropsychologue-nevers.fr\/index.php\/troubles-cognitifs\/memoire-de-travail\/","name":"M\u00e9moire de travail - Pierre Leclef - Ana\u00efs Descat - Pauline Fontaine","isPartOf":{"@id":"https:\/\/neuropsychologue-nevers.fr\/#website"},"datePublished":"2016-10-05T17:05:54+00:00","dateModified":"2018-07-02T20:27:57+00:00","description":"La m\u00e9moire de travail est essentielle dans les apprentissages. Elle pose probl\u00e8me dans la dyslexie, dysorthographie, le TDAH. Mieux conna\u00eetre ce trouble.","breadcrumb":{"@id":"https:\/\/neuropsychologue-nevers.fr\/index.php\/troubles-cognitifs\/memoire-de-travail\/#breadcrumb"},"inLanguage":"fr-FR","potentialAction":[{"@type":"ReadAction","target":["https:\/\/neuropsychologue-nevers.fr\/index.php\/troubles-cognitifs\/memoire-de-travail\/"]}]},{"@type":"BreadcrumbList","@id":"https:\/\/neuropsychologue-nevers.fr\/index.php\/troubles-cognitifs\/memoire-de-travail\/#breadcrumb","itemListElement":[{"@type":"ListItem","position":1,"name":"Accueil","item":"https:\/\/neuropsychologue-nevers.fr\/"},{"@type":"ListItem","position":2,"name":"Troubles des Apprentissages","item":"https:\/\/neuropsychologue-nevers.fr\/index.php\/troubles-cognitifs\/"},{"@type":"ListItem","position":3,"name":"M\u00e9moire de travail"}]},{"@type":"WebSite","@id":"https:\/\/neuropsychologue-nevers.fr\/#website","url":"https:\/\/neuropsychologue-nevers.fr\/","name":"Pierre Leclef - Ana\u00efs Descat - Pauline Fontaine","description":"Cabinet de Neuropsychologie - Nevers","potentialAction":[{"@type":"SearchAction","target":{"@type":"EntryPoint","urlTemplate":"https:\/\/neuropsychologue-nevers.fr\/?s={search_term_string}"},"query-input":"required name=search_term_string"}],"inLanguage":"fr-FR"}]}},"_links":{"self":[{"href":"https:\/\/neuropsychologue-nevers.fr\/index.php\/wp-json\/wp\/v2\/pages\/42","targetHints":{"allow":["GET"]}}],"collection":[{"href":"https:\/\/neuropsychologue-nevers.fr\/index.php\/wp-json\/wp\/v2\/pages"}],"about":[{"href":"https:\/\/neuropsychologue-nevers.fr\/index.php\/wp-json\/wp\/v2\/types\/page"}],"author":[{"embeddable":true,"href":"https:\/\/neuropsychologue-nevers.fr\/index.php\/wp-json\/wp\/v2\/users\/3"}],"replies":[{"embeddable":true,"href":"https:\/\/neuropsychologue-nevers.fr\/index.php\/wp-json\/wp\/v2\/comments?post=42"}],"version-history":[{"count":9,"href":"https:\/\/neuropsychologue-nevers.fr\/index.php\/wp-json\/wp\/v2\/pages\/42\/revisions"}],"predecessor-version":[{"id":190,"href":"https:\/\/neuropsychologue-nevers.fr\/index.php\/wp-json\/wp\/v2\/pages\/42\/revisions\/190"}],"up":[{"embeddable":true,"href":"https:\/\/neuropsychologue-nevers.fr\/index.php\/wp-json\/wp\/v2\/pages\/38"}],"wp:attachment":[{"href":"https:\/\/neuropsychologue-nevers.fr\/index.php\/wp-json\/wp\/v2\/media?parent=42"}],"curies":[{"name":"wp","href":"https:\/\/api.w.org\/{rel}","templated":true}]}}